 is divided by 1219?
1114
What is the remainder when 48406980 is divided by 821?
820
Calculate the remainder when 160935 is divided by 334.
281
What is the remainder when 25633 is divided by 172?
5
Calculate the remainder when 1776744 is divided by 14.
4
Calculate the remainder when 9422415 is divided by 7673.
7644
What is the remainder when 70996 is divided by 2403?
1309
Calculate the remainder when 65619 is divided by 77.
15
Calculate the remainder when 913573 is divided by 533.
11
Calculate the remainder when 96405 is divided by 48165.
75
What is the remainder when 173975 is divided by 480?
215
What is the remainder when 37443 is divided by 12276?
615
What is the remainder when 51135 is divided by 541?
281
Calculate the remainder when 21466955 is divided by 16.
11
Calculate the remainder when 1246292419 is divided by 2657.
2656
What is the remainder when 3008095 is divided by 478?
41
What is the remainder when 3248695 is divided by 1785?
1780
What is the remainder when 61993537 is divided by 159?
73
What is the remainder when 1057325919 is divided by 17584?
17583
What is the remainder when 72978 is divided by 6010?
858
Calculate the remainder when 582079 is divided by 153.
67
Calculate the remainder when 1277630 is divided by 186.
182
What is the remainder when 27506 is divided by 27451?
55
What is the remainder when 9499133 is divided by 247?
7
Calculate the remainder when 73103655 is divided by 947.
937
Calculate the remainder when 1159748 is divided by 12.
8
Calculate the remainder when 1272523 is divided by 212087.
1
Calculate the remainder when 17564 is divided by 3447.
329
What is the remainder when 86264 is divided by 61?
10
Calculate the remainder when 273502 is divided by 27328.
222
Calculate the remainder when 710807623 is divided by 225.
223
What is the remainder when 1934187 is divided by 5549?
3135
What is the remainder when 122855 is divided by 992?
839
What is the remainder when 317801 is divided by 535?
11
Calculate the remainder when 23207148 is divided by 1236.
12
What is the remainder when 5109433 is divided by 14?
7
Calculate the remainder when 247613 is divided by 247593.
20
What is the remainder when 217544 is divided by 2695?
1944
Calculate the remainder when 219930 is divided by 286.
282
Calculate the remainder when 10934896 is divided by 1774.
1734
What is the remainder when 80692 is divided by 3316?
1108
Calculate the remainder when 121137 is divided by 76.
69
What is the remainder when 681923 is divided by 651?
326
Calculate the remainder when 28048365 is divided by 35.
30
Calculate the remainder when 1849104 is divided by 3.
0
What is the remainder when 743959 is divided by 866?
65
Calculate the remainder when 2703506 is divided by 270.
266
What is the remainder when 807290 is divided by 7932?
6158
What is the remainder when 13136970 is divided by 3430?
70
Calculate the remainder when 56990099 is divided by 2191.
2189
What is the remainder when 10504726 is divided by 3501574?
4
Calculate the remainder when 1228528 is divided by 151.
143
What is the remainder when 3064256 is divided by 23214?
8
Calculate the remainder when 1550138 is divided by 515.
503
Calculate the remainder when 9000985 is divided by 28942.
23
What is the remainder when 48084 is divided by 4657?
1514
What is the remainder when 444630 is divided by 89?
75
Calculate the remainder when 1358999 is divided by 134.
105
Calculate the remainder when 56940 is divided by 599.
35
What is the remainder when 54118 is divided by 17518?
1564
Calculate the remainder when 635209559 is divided by 13.
10
What is the remainder when 4600 is divided by 390?
310
What is the remainder when 10120683 is divided by 123?
120
Calculate the remainder when 252178 is divided by 634.
480
What is the remainder when 52239 is divided by 1426?
903
Calculate the remainder when 28663376 is divided by 27.
14
What is the remainder when 949804 is divided by 86?
20
What is the remainder when 30644 is divided by 6097?
159
What is the remainder when 30772384 is divided by 6154471?
29
Calculate the remainder when 2253230 is divided by 1320.
1310
What is the remainder when 147654 is divided by 206?
158
Calculate the remainder when 639815 is divided by 87.
17
Calculate the remainder when 1703842 is divided by 707.
679
Calculate the remainder when 32141 is divided by 526.
55
Calculate the remainder when 188837 is divided by 470.
367
Calculate the remainder when 13835150 is divided by 6329.
6285
What is the remainder when 8699480 is divided by 1078?
20
Calculate the remainder when 50388208 is divided by 141.
25
Calculate the remainder when 3762 is divided by 97.
76
Calculate the remainder when 4504 is divided by 2539.
1965
Calculate the remainder when 17764556 is divided by 41.
35
What is the remainder when 237628 is divided by 21?
13
What is the remainder when 473888 is divided by 8313?
47
What is the remainder when 622635 is divided by 7412?
27
What is the remainder when 17194538 is divided by 5743?
5739
Calculate the remainder when 235863 is divided by 29408.
599
What is the remainder when 1423352 is divided by 2270?
62
Calculate the remainder when 425693 is divided by 42568.
13
What is the remainder when 6026946 is divided by 154536?
42
What is the remainder when 163983 is divided by 40902?
375
What is the remainder when 9482364 is divided by 264?
12
Calculate the remainder when 24723 is divided by 2871.
1755
Calculate the remainder when 22274 is divided by 1535.
784
What is the remainder when 48835643 is divided by 132?
131
Calculate the remainder when 3002787 is divided by 60.
27
Calculate the remainder when 1589 is divided by 812.
777
What is the remainder when 41255990 is divided by 1257?
1250
What is the remainder when 12509080 is divided by 2854?
2852
Calculate the remainder when 11758163 is divided by 3887.
3875
What is the remainder when 7455613 is divided by 1363?
3
What is the remainder when 186306 is divided by 36176?
5426
What is the remainder when 7734972 is divided by 304?
300
What is the remainder when 236235186 is divided by 14?
12
What is the remainder when 7849290 is divided by 42?
36
What is the remainder when 114928 is divided by 1746?
1438
Calculate the remainder when 9529509 is divided by 4764747.
15
What is the remainder when 856793 is divided by 234?
119
What is the remainder when 19984487 is divided by 747?
743
What is the remainder when 29287 is divided by 944?
23
What is the remainder when 25513103 is divided by 1052?
1051
Calculate the remainder when 287156 is divided by 287125.
31
Calculate the remainder when 1473 is divided by 375.
348
What is the remainder when 328511 is divided by 46873?
400
What is the remainder when 26123396 is divided by 1380?
1376
What is the remainder when 95879 is divided by 5987?
87
Calculate the remainder when 24695404 is divided by 41159.
4
What is the remainder when 16650 is divided by 5421?
387
What is the remainder when 13607457 is divided by 6?
3
Calculate the remainder when 748867 is divided by 2694.
2629
What is the remainder when 14965 is divided by 7087?
791
Calculate the remainder when 98142 is divided by 286.
44
Calculate the remainder when 562345 is divided by 138337.
8997
What is the remainder when 203381 is divided by 2074?
129
What is the remainder when 4552906 is divided by 3066?
2962
Calculate the remainder when 55086863 is divided by 222.
5
What is the remainder when 376271 is divided by 29?
25
Calculate the remainder when 8938652 is divided by 19.
7
Calculate the remainder when 9982 is divided by 998.
2
What is the remainder when 135366 is divided by 2115?
6
Calculate the remainder when 5178203 is divided by 259.
16
Calculate the remainder when 1140105 is divided by 39313.
28
What is the remainder when 539856 is divided by 604?
484
What is the remainder when 903379 is divided by 2251?
728
Calculate the remainder when 33995 is divided by 8861.
7412
Calculate the remainder when 218654434 is divided by 364.
362
Calculate the remainder when 1469534 is divided by 1191.
1031
Calculate the remainder when 26792 is divided by 106.
80
Calculate the remainder when 127218 is divided by 319.
256
What is the remainder when 4907828 is divided by 34?
30
What is the remainder when 2942350 is divided by 326924?
34
Calculate the